+ l*i - 13 - 20*i. Determine m(0).
-13
Let q(w) = w**3 - w**2 + w + 21. Let x = -2617 - -2617. What is q(x)?
21
Let y be (-9)/((18/15)/(4 - 192/40)). Let r(n) = -n**3 + 8*n**2 - 19*n + 8. What is r(y)?
-34
Let w be (24/(-9) - -3)*198. Let j(m) = 33 - m + 32 - w. Determine j(-6).
5
Let o(z) be the first derivative of z**2/2 + 14*z - 6138. Calculate o(19).
33
Let f(r) = r**3 + 11*r**2 - 19*r - 14. Suppose 3*z + m = -40, 5*z - 4*m + 23 = -21. What is f(z)?
70
Let q(f) = -1189*f + 27. Let c(k) = -1243*k + 28. Let t(x) = -22*c(x) + 23*q(x). Let b(y) = -2*y**2 + 5*y - 3. Let l be b(3). Determine t(l).
11
Let l(c) be the first derivative of -3*c**2 + 14*c - 56. Let r be l(0). Let w(g) = -2*g + 32. Determine w(r).
4
Let s be (23/(-4))/(((-3)/(-3))/8). Let k = 24 - s. Suppose -15*d + 5*d = k. Let f(v) = v**2 + 5*v - 1. What is f(d)?
13
Let w(t) = t**2 - 57*t + 563. Let y be w(45). Let j(i) be the first derivative of i + 1/2*i**2 - y. What is j(-6)?
-5
Let j(w) = 2*w**2 + 13*w + 3. Suppose -4*x - 2*b = 36, -6*x + b = -5*x + 3. Let c be j(x). Let g(p) = p - 17. Calculate g(c).
-7
Let w(x) = 3*x**3 - 2*x**2 - 3*x - 2. Suppose -13*v + 24 = -5*v. Let k be ((-1)/v)/(20/120). Give w(k).
-28
Let k(z) = z**3 + 3*z**2 + 3*z. Suppose -4*p = -p - 45. Let r be 2/(-35) - (-7769)/595. Let u = r - p. Determine k(u).
-2
Let m = -4088 + 4087. Let k(n) = -9*n - 11. Calculate k(m).
-2
Let n = 3263 - 3276. Let a(c) = 3*c + 27. Determine a(n).
-12
Let z(k) = -6 - 21 - 20*k + 37*k**2 + 7*k - 38*k**2. Calculate z(-10).
3
Let z(t) = -t**3 - 5*t**2 - 5*t - 1. Let l be z(-3). Let p(s) be the second derivative of -s**3 + 0 - 1/20*s**5 - 20*s - s**2 - 5/12*s**4. Give p(l).
6
Let g(n) be the first derivative of n**4/4 + 14*n**3/3 - 15*n**2/2 + 5*n + 673. Determine g(-15).
5
Let v(q) = -4*q. Suppose 48 = s + 4*f, 36*f = -3*s + 35*f + 122. Suppose -t = 5*u + s, -2*u + 2*t = 4*t + 16. Determine v(u).
32
Suppose -3*w + 3*u + 15 = 0, w - 3*u = -u + 9. Let o(h) = 5*h + 4. Let q be o(w). Let x(k) = k**2 - 2 - 6*k - 4*k + 4 + 0*k. Give x(q).
-7
Let c(z) = 2*z**3 - z**2 - 4*z + 1. Let b be c(2). Suppose -5*n - 35 = -b*m, 3 = 4*m - 0*m + n. Suppose 30 = 14*d + m. Let h(r) = 4*r - 1. Give h(d).
7
Let v(c) = -3*c**3 + 31*c**2 + 49*c - 4. Let s(t) = t**3 - 11*t**2 - 17*t + 2. Let u(l) = -11*s(l) - 4*v(l). Calculate u(5).
-1
Suppose -2*n + 6 = -4. Suppose 2*x - 2 = 3*a, -3*x + 5*a + n = 2. Let j(d) = -d**3 + 1. Let b(v) = 7*v**3 - 10*v**2 - v. Let c(k) = x*b(k) + 6*j(k). Give c(10).
-4
Let c(w) = -w + 6. Suppose 3*x + 15 = 2*q, -2*q + 3*q - 5 = -x. Let p be 12/(-3) - q/3. Determine c(p).
12
Let k(o) = o**2 + 14*o - 1. Let t(j) = j**2 - j + 1. Let v(c) = c**3 - c**2 - 7*c - 30. Let x(s) = 3*t(s) - v(s). Let z be x(6). Determine k(z).
14
Let f be -3 + (-13 - -12) + 5. Let x(r) = -r - 6. What is x(f)?
-7
Let k(o) = 4*o + 4. Let t(z) = 3*z - 18. Let g be t(6). Suppose g = 7*r - 33 - 16. Suppose 0 = -r*l + l - 24. Determine k(l).
-12
Let r(h) = -h**2 + h - 13. Let n = 83 + -86. Let c be 0*(-2 + n + 4). Give r(c).
-13
Suppose -112 = -4*p + v - 104, -3*p + 17 = 2*v. Let u(f) = f + 5. Let z(x) = x - 1. Let j = 11 - 15. Let o(b) = j*z(b) - u(b). Give o(p).
-16
Let u(k) be the third derivative of -37*k**6/60 + k**5/60 - k**4/12 + k**3/3 - 831*k**2. Determine u(1).
-73
Let u(i) be the second derivative of 5 + i**2 + 17*i + 5/12*i**4 + 1/20*i**5 - 1/3*i**3. What is u(-5)?
12
Suppose -2*s + 2*n - 7*n = -4, -5*s + 10 = 5*n. Suppose -32 = -5*b - s. Let t(q) = -q**3 + 6*q**2 + 6. Determine t(b).
6
Suppose 0*c + 46 = 2*u + 4*c, 0 = -2*c. Suppose 2*y - 34 = 2*f + 28, y = 3*f + u. Let o = y + -37. Let z(g) = 9*g - 1. What is z(o)?
-19
Let x be -14 + -2 - 10*-1. Let u(l) = -4*l + 5 - 5 + 7. Let n(v) = 5*v - 7. Let j(c) = 5*n(c) + 6*u(c). Determine j(x).
1
Let x(i) be the second derivative of -i**5/10 + 4*i**4/3 + i**3/2 + 3*i**2 - 89*i + 20. What is x(8)?
30
Let d(z) = -7*z**3 + 2*z**2 + 13*z - 8. Let o(h) = -4*h**3 + 2*h**2 + 7*h - 5. Let t(u) = 3*d(u) - 5*o(u). What is t(-5)?
6
Suppose 61 = -5*f + 4*r, -15*f + 17*f - 5*r = -38. Let c(g) = -g**2 - 71*g - 563. Determine c(f).
-5
Let x(q) = -3*q**2 + 2*q + 1. Suppose 0 = z - b + 5*b + 7, -3*z = -3*b + 6. Let t = -4 - z. Let o be x(t). Let g(w) = -w**3 - 4*w**2 - 2*w + 1. What is g(o)?
9
Suppose 2*d + 71 = 3*v, 0*d + 42 = 2*v - 4*d. Let a = v + -15. Let s(j) = -205*j**3 - 338740*j**2 + 338749*j**2 + 204*j**3 - 11 + 13*j. Calculate s(a).
19
Let z(m) = 3*m**2 - 7*m + 1. Let r(v) = -14*v**2 + 41*v + 3. Let f(h) = -r(h) - 5*z(h). Let o be (2 - 12/8)*-10. What is f(o)?
-3
Let b(g) = g**2 + 4*g - 7. Suppose 44*f = 52*f + 32. Let i be (18/f)/((-63)/12 - -6). Calculate b(i).
5
Let n(b) = -2*b - 17*b**2 + 4 + 4*b**3 + 0*b**2 + 14*b**2. Let j(h) = 5*h**3 - 3*h**2 - 2*h + 5. Let i(w) = 6*j(w) - 7*n(w). Give i(-2).
-6
Let s(m) = 77*m - 514. Let p(l) = 71*l - 505. Let a(v) = -7*p(v) + 6*s(v). Determine a(13).
-4
Let m(f) = 123*f + 99*f - 231*f. Suppose 5*o - 21 = -4*r + 23, -2 = -3*r + 4*o. Suppose r - 11 = -5*u. Determine m(u).
-9
Let t(u) = 38*u**3 - 1314*u**2 - 112*u - 114. Let h(p) = -2*p**3 + 69*p**2 + 6*p + 6. Let n(i) = -56*h(i) - 3*t(i). Determine n(39).
6
Let b(f) = -f**3 - f**2 - f - 2. Let a(s) be the first derivative of -s**4/2 - s**3/3 - s**2/2 - 3*s - 89. Let c(h) = -2*a(h) + 3*b(h). Calculate c(2).
2
Let z(j) = -2*j + 23. Suppose 29*u = -2*b + 24*u - 46, -5*b - 2*u = 31. Determine z(b).
29
Let o(g) = 11*g**3 - 26*g**2 + 3*g + 29. Let a(m) = -2*m**3 + 5*m - 2. Let y(f) = 5*a(f) + o(f). Give y(25).
94
Let z(h) = 11 - 3558*h**3 + 3557*h**3 - 4*h**2 + 0*h**2 + h. What is z(-4)?
7
Suppose -5*i + 6 = -3*a, 29*a - 26 = -3*i + 34*a. Let b(x) = 4*x**2 + 3*x + 6. Give b(i).
33
Let v(g) = 3031*g + 5*g**2 - 1 - 3034*g - 5*g**2 + g**3. Let f be (1/3)/((-7)/42). Determine v(f).
-3
Let f be (-74)/(-14) - -2 - (-2)/(-7). Suppose f*k + 118 = 160. Let z(t) = t**2 - t - 3. Calculate z(k).
27
Let n(y) = y**3 + 4*y**2 - 4*y + 4. Let p be 8/(-48) + (-489)/(-18). Let k be (-207)/p + (-1)/3. Let z be (2 + 4 + k)*2. Give n(z).
20
Suppose 49*j - 136*j + 609 = 0. Let h(k) = k**3 - 6*k**2 + 3*k - 40. What is h(j)?
30
Let a be (340 + -340)*(-1)/7. Let h(s) = s**2 - 2*s + 19. What is h(a)?
19
Suppose f = 4*f - 18. Let v(w) = 3*w**2 - 8*w + 12. Let t(o) = 16*o**2 - 41*o + 63. Let k = -559 + 548. Let y(g) = k*v(g) + 2*t(g). Calculate y(f).
-6
Suppose 13*m = 16*m - 672. Let s(o) = m - 446 + 229 + o. Calculate s(8).
15
Let s be 1/(273/(-234)*4/14). Let y be (-36)/(-20) + 1/5. Let h(x) = 4 - 4*x**2 - x**3 + 9*x**3 - 7*x**3 - y*x**3 + x. Determine h(s).
-8
Suppose -19 = -t - 3*t - f, 0 = -t + 2*f + 7. Let n = 283 + -277. Let u(m) = -4*m + 2*m + n*m - 4 - 3*m - 3. Determine u(t).
-2
Let w(b) = -19*b - 23. Let i(a) = -2*a + 1. Let y(q) = 11*i(q) - w(q). Determine y(9).
7
Let u(r) = 6*r**3 + r**2 - 4*r - 4. Let h be (-13 + 54/4)*8/(-4). Calculate u(h).
-5
Let n(r) = 3*r + 12. Let c be ((-1)/3)/((-30)/(-450)). Calculate n(c).
-3
Let p(r) = r**2 + 2*r - 14. Let b be p(3). Let g(j) = 55*j - 25. Let t(u) = -2*u + 1. Let x(o) = b*g(o) + 25*t(o). Determine x(4).
20
Let k(t) = 6*t**2 - 3*t - 1. Let z(q) = 6*q**2 + 160*q + 253. Let y be z(-25). Determine k(y).
44
Let u(b) = -b**2 + 10*b - 5. Let f = -229 + 237. Give u(f).
11
Let v(z) = 3*z**3 + 2*z + 1. Suppose 4*r = 4*a + 4, -19*r + 1 = a - 18*r. Suppose -5*w + 20 = a, 3*c - 9*w = -6*w - 15. What is v(c)?
-4
Let o(u) = -u**2 - 15*u - 33. Let v(l) = 3*l**2 + 42*l + 91. Let t(n) = 11*o(n) + 4*v(n). Determine t(6).
55
Let d(f) be the second derivative of 0*f**4 + 1/20*f**5 + 0*f**3 + 76*f + 0 + 1/2*f**2. Calculate d(2).
9
Let z = 2239 + -2235. Let s(c) be the third derivative of c**4/6 - 4*c**3/3 - 24*c**2. Give s(z).
8
Let f(r) = 79*r**2 - 77*r**2 - 4*r**3 + r + 3*r**3. Let k(c) = 2*c**2 + 2*c - 1. Let h be k(1). Suppose -g + h*a = -6, 5*g - 7*a = -2*a + 20. Determine f(g).
-6
Let p(k) be the second derivative of 10*k**3/3 + 38*k**2 + 180*k. Let r be p(-4). Let a(m) = -m**3 - 4*m**2 - 3*m - 1. Give a(r).
11
Let p(y) = 7*y + 15. Let a be 20/40*((2 - 2) + -6). Give p(a).
-6
Let p(x) = x**3 - 5*x**2 - 8*x + 9. Let z(m) = -8*m**2 + 6*m - 30 - m**3 + 20 - 11. Let s be z(-9). Determine p(s).
-3
Let k(r) = 17*r - 6. Let n be k(1). Suppose 0 = -n*s + 9*s + 24. Supp